). Calculate the highest common factor of p and n.
21
Suppose -55 = -14*h - 12 + 69. Suppose 56 + 56 = 2*p. What is the highest common divisor of h and p?
8
Let y(h) = 11*h + 13. Let m be y(5). What is the highest common divisor of 85 and m?
17
Suppose -n - 12 = -3*q, -3*q = -4*n - 4 - 8. Calculate the highest common factor of q and 12.
4
Suppose -7 = 4*u - 5*l - 0, 3*l = 5*u - 1. Suppose s = -6*i + 4*i - 25, -4*s + 2*i = 110. Let p be 8/(-3)*s/4. Calculate the greatest common divisor of p and u.
2
Let c be (3/((-27)/444))/((-8)/12). What is the greatest common factor of 999 and c?
37
Let v = 21 - 30. Let m be 54/2 + 9 + v. Calculate the highest common factor of m and 216.
27
Suppose -7*n + 2*n + 150 = 0. Suppose 3*u + 4*c - 10 = 0, -4*c + 6*c = 3*u - 22. Suppose -4*x = -u*x + 20. What is the highest common factor of x and n?
10
Let p(z) = -z**2 - 32*z - 221. Let m be p(-16). Let w(t) = 2*t - 7. Let d be w(6). What is the highest common divisor of d and m?
5
Let x = 2486 - 1635. Calculate the greatest common factor of 69 and x.
23
Suppose 7*v - 5 = 2*v. Let d(g) = 22*g**3 - g. Let l be d(v). Calculate the greatest common factor of l and 3.
3
Let f be 15*(8 + (-144)/20). What is the greatest common factor of f and 39?
3
Let o(x) = -x**3 + 9*x**2 - 16*x + 3. Let z be o(8). Let l = 71 + z. Calculate the greatest common factor of l and 40.
10
Let z = -373 + 553. Calculate the highest common divisor of z and 40.
20
Let g = 7 - 7. Suppose -4*s + s - 33 = g. Let d = s + 16. What is the highest common divisor of 20 and d?
5
Let v be (-18 - 0)*(-10)/15. Let l(p) = -p**2 - 12*p + 13. Let q be l(v). Let m = -158 - q. What is the highest common factor of m and 13?
13
Suppose 4*y = -t + 901, 2*t + 438 = -0*y + 2*y. What is the highest common divisor of 28 and y?
28
Let h(l) = 36*l**2 - 22*l + 21. Let d be h(1). Calculate the highest common divisor of d and 119.
7
Let g(z) = 3*z**3 - 2*z**2 - 2*z - 1. Let i be g(3). Suppose 16 = -148*t + 149*t + 2*n, -32 = -3*t - 2*n. Calculate the highest common divisor of t and i.
8
Let q = -49 + 147. Let o(u) = 26*u**3 - 208*u**2 + 4*u - 4. Let l be o(8). What is the greatest common factor of l and q?
14
Suppose 4*l = -2*q + 82, 2*l = -0*l + 3*q + 45. Let i(t) = -t + 96. Let v be i(0). Suppose -429 = -5*a + v. Calculate the highest common divisor of a and l.
21
Let n be (-55)/(-22) + (-6)/4. What is the greatest common divisor of n and 16?
1
Suppose 27*i - 35*i + 1064 = 0. What is the greatest common divisor of i and 57?
19
Let i be (-14)/(-42)*(-84)/(-1). What is the highest common factor of i and 378?
14
Suppose -3*b = -1 - 14. Suppose 2*t - 4*x = -6, 2*t - 2*x - b = -3. Calculate the greatest common divisor of t and 10.
5
Suppose -4*h + 177 + 1225 = -3*j, 4*j - 3*h + 1874 = 0. Let w = 842 + j. What is the greatest common factor of 12 and w?
12
Suppose 0 = -3*r + 10 - 7. Suppose 3*v + 9 = 5*j, -j + 4*v + r = 2*j. What is the greatest common factor of j and 9?
3
Let k = -7 + 11. Suppose k*x + 251 = 1091. What is the highest common factor of 42 and x?
42
Let u = 6269 - 3713. Calculate the highest common factor of 36 and u.
36
Let r(h) = -h**2 - 15*h + 70. Let l be r(-15). Calculate the greatest common divisor of 28 and l.
14
Let d(f) = 4*f - 7. Let r be d(7). Suppose 0 = -23*v + r*v + 38. What is the greatest common factor of v and 57?
19
Suppose 2*v - 48 = 3*p + 91, -3*p + 323 = 4*v. Suppose 0 = -g + 38 + 6. What is the highest common divisor of v and g?
11
Let j = 1085 - 843. What is the greatest common factor of 66 and j?
22
Let x(k) = 14*k**2 + 2*k + 3. Let h be x(-3). Let u be h/6 + 3/6. Calculate the highest common factor of 105 and u.
21
Suppose 2*r = -3*r. Suppose r*p + 4*p = 416. Calculate the greatest common factor of 13 and p.
13
Suppose 45*o = 20 + 25. What is the greatest common factor of o and 73?
1
Suppose 5*y - 913 = -3*s, -28*s + 26*s + 614 = -2*y. What is the greatest common divisor of s and 204?
102
Let i = 97 + 813. What is the highest common divisor of 30 and i?
10
Let k(s) = s**3 + 7*s**2 - 20*s - 50. Let l be k(-8). Suppose -2*g - 2*g + 4*o + 16 = 0, 8 = 3*g - o. Calculate the highest common divisor of l and g.
2
Suppose -4*q - 4*j - 768 = -0*j, q + 204 = 5*j. Let s = -122 - q. Let o = -70 + 88. Calculate the greatest common divisor of s and o.
18
Suppose j + 41 = 5*j - 3*k, j + 2*k - 2 = 0. Suppose -2*g = -3 - 3. Suppose -g*d + 24 = -12. Calculate the highest common factor of d and j.
4
Let d be (-242)/(-3) - (-2)/(-3). Let o = 144 - 83. Let z be o/2 - 39/(-26). What is the greatest common divisor of d and z?
16
Suppose 4*s - 100 = -s. Calculate the highest common factor of 590 and s.
10
Suppose 0 = 6*v - 352 - 1718. What is the greatest common factor of v and 15?
15
Let p be 3*((-23)/3)/(-1). What is the highest common factor of p and 368?
23
Let h(s) = -5*s - 1. Let p be h(6). Let l(k) = 16*k + 107. Let u be l(-8). Let d = u - p. Calculate the greatest common factor of 30 and d.
10
Let j be -1 + (2 - -4*(-4)/16). Suppose j = -8*q + 356 + 580. What is the highest common divisor of 78 and q?
39
Let f be (-14 - -2)*(42/(-70))/((-6)/(-45)). Let a(i) = 3*i - 3. Let p be (0 - -2)/(-6)*-21. Let d be a(p). What is the highest common factor of d and f?
18
Let f(b) = 6*b**2 - 24*b + 1. Let x be f(4). What is the greatest common divisor of x and 1?
1
Let z be ((-4)/(-3) + -2)*-9. Suppose -3 = -z*o + 5*o. Let v = 53 + -44. What is the highest common divisor of o and v?
3
Let w(z) = -z**2 + 18*z + 9. Let p be w(11). Let r = 58 - p. Let f be (1 - -2)*r/(-12). What is the highest common factor of f and 28?
7
Let t(b) = -3*b + 194. Let m be t(0). Let k = -11 - -15. Suppose -k*l = -474 + m. Calculate the highest common divisor of 10 and l.
10
Let l = -13 + 15. Suppose -l*v = -10*v + 24. Suppose -v*u + 6 = -u. What is the greatest common divisor of u and 9?
3
Let r(w) = -6*w - 33. Let g be r(-6). Suppose 4*n = l - 68, 2*l + 5*n - 106 = g*n. What is the highest common factor of 8 and l?
8
Let j be 4/26 - (-1712)/26. Suppose -4*w = -54 - j. Calculate the greatest common divisor of w and 10.
10
Suppose -5*s + 0*u = -3*u - 32, -4*u = 4*s. Suppose a - s*a = 27. Let r = 31 - a. Calculate the highest common divisor of 10 and r.
10
Suppose -5*k = -k + 5*s - 33, 0 = -5*k + 2*s + 66. What is the greatest common divisor of k and 276?
12
Let a = 209 + -103. Suppose a = -5*x + 421. What is the highest common divisor of 9 and x?
9
Let x = 141 - 125. What is the highest common divisor of x and 72?
8
Suppose x - 229 = -67. What is the greatest common factor of x and 18?
18
Let h(p) = -p**2 + 2*p**2 + 16*p - 21*p - 11. Let k be h(7). Calculate the highest common divisor of k and 1.
1
Let o = 116 + -103. What is the greatest common divisor of o and 39?
13
Let u be -2*(-2)/2 + -1. Suppose 0 = 3*i, 5*i + 33 - u = v. Suppose -2*n = -n - v. What is the greatest common divisor of 4 and n?
4
Let i be ((-5957)/(-46))/((-1)/(-2)). Calculate the greatest common factor of i and 37.
37
Let j = -10 - -13. Suppose j*o - o - 2 = 0. Let x be o/(1/54*2). Calculate the greatest common divisor of 18 and x.
9
Suppose -34*i = 2*i - 36. Let o(q) = q**3 + 5*q**2 - 6*q - 8. Let k be o(-6). Let s = k + 12. Calculate the highest common divisor of s and i.
1
Let u(y) = y**3 - 9*y**2 - 10*y + 15. Let i be u(10). Suppose -i*k + 20*k = 245. Let o = 69 - k. What is the greatest common divisor of 40 and o?
20
Let y = 429 + -165. Let z be ((-2520)/(-735))/((-15)/(-7) + -2). Calculate the highest common divisor of z and y.
24
Let v(d) = -d**2 + 19*d. Let b(o) = 3*o**2 - o + 1. Let h be b(2). Let c be v(h). Suppose -7*g + 3*g = -c. Calculate the highest common divisor of 11 and g.
11
Let r = 1561 - 1471. Calculate the greatest common factor of r and 576.
18
Suppose -8*n + 6*n = -10. Suppose n*y = 4*y + 1. Let f be 3/5*15/y. What is the greatest common divisor of 36 and f?
9
Suppose -5*r + 315 = 5*p + 45, -r + 54 = 3*p. Calculate the greatest common factor of r and 1566.
54
Suppose -1895 = -5*l - 590. Calculate the highest common divisor of 29 and l.
29
Let z be (-18)/(-15)*(-25)/(-10). What is the greatest common factor of 24 and z?
3
Let w(q) = q + 28. Let o be w(0). Let t = 107 - 58. Let n = t - 45. What is the highest common divisor of n and o?
4
Let q = -